the prime factors of 692621?
692621
List the prime factors of 2473119.
3, 11, 757
What are the prime factors of 286802?
2, 143401
What are the prime factors of 92536?
2, 43, 269
What are the prime factors of 2716697?
43, 63179
List the prime factors of 18394537.
7, 2627791
List the prime factors of 82025.
5, 17, 193
What are the prime factors of 116467?
13, 17, 31
List the prime factors of 20274687.
3, 2252743
List the prime factors of 64066.
2, 103, 311
What are the prime factors of 2369275?
5, 94771
List the prime factors of 3228184.
2, 113, 3571
What are the prime factors of 213059?
7, 11, 2767
What are the prime factors of 134340?
2, 3, 5, 2239
What are the prime factors of 868631?
113, 7687
What are the prime factors of 392736?
2, 3, 4091
List the prime factors of 7471744.
2, 7, 31, 269
List the prime factors of 1004263.
13, 67, 1153
What are the prime factors of 2378022?
2, 3, 307, 1291
What are the prime factors of 8786?
2, 23, 191
List the prime factors of 195967.
195967
What are the prime factors of 1081400?
2, 5, 5407
What are the prime factors of 238752?
2, 3, 829
List the prime factors of 1310777.
13, 100829
What are the prime factors of 3438836?
2, 859709
List the prime factors of 270217.
270217
What are the prime factors of 48913?
41, 1193
What are the prime factors of 109673?
109673
List the prime factors of 69096.
2, 3, 2879
List the prime factors of 6713505.
3, 5, 193, 773
What are the prime factors of 2192410?
2, 5, 11, 19, 1049
List the prime factors of 3435521.
3435521
List the prime factors of 1312045.
5, 7, 19, 1973
What are the prime factors of 4508840?
2, 5, 7, 16103
List the prime factors of 1800085.
5, 7, 51431
List the prime factors of 2772337.
71, 39047
List the prime factors of 317223.
3, 31, 379
List the prime factors of 48156.
2, 3, 4013
List the prime factors of 2162971.
2162971
List the prime factors of 2869741.
7, 19, 21577
What are the prime factors of 2310278?
2, 167, 6917
What are the prime factors of 43318?
2, 11, 179
List the prime factors of 248496.
2, 3, 31, 167
List the prime factors of 3830859.
3, 67, 6353
List the prime factors of 1454756.
2, 29, 12541
What are the prime factors of 6688742?
2, 3344371
What are the prime factors of 2492973?
3, 7, 5653
List the prime factors of 6275557.
6275557
List the prime factors of 214166.
2, 17, 6299
What are the prime factors of 987911?
987911
What are the prime factors of 177304?
2, 37, 599
List the prime factors of 237336.
2, 3, 11, 29, 31
List the prime factors of 16795613.
461, 36433
What are the prime factors of 4772?
2, 1193
What are the prime factors of 2157669?
3, 149, 1609
List the prime factors of 29712897.
3, 401, 8233
What are the prime factors of 472078?
2, 193, 1223
What are the prime factors of 211224?
2, 3, 13, 677
List the prime factors of 801538.
2, 47, 8527
What are the prime factors of 1727770?
2, 5, 11, 113, 139
List the prime factors of 1074171.
3, 7, 51151
What are the prime factors of 13305535?
5, 2661107
What are the prime factors of 12337010?
2, 5, 7, 176243
What are the prime factors of 767772?
2, 3, 7109
List the prime factors of 1425612.
2, 3, 118801
List the prime factors of 791807.
239, 3313
What are the prime factors of 105652?
2, 61, 433
What are the prime factors of 10566325?
5, 7, 11, 499
List the prime factors of 5246295.
3, 5, 349753
List the prime factors of 405132.
2, 3, 7, 13, 53
List the prime factors of 165639.
3, 55213
List the prime factors of 13881.
3, 7, 661
List the prime factors of 450249.
3, 150083
What are the prime factors of 29643970?
2, 5, 2964397
List the prime factors of 4533976.
2, 29, 19543
What are the prime factors of 156320?
2, 5, 977
List the prime factors of 402099.
3, 134033
What are the prime factors of 119328?
2, 3, 11, 113
What are the prime factors of 7182692?
2, 11, 163243
List the prime factors of 7345271.
7345271
What are the prime factors of 3357145?
5, 11, 31, 179
List the prime factors of 371469.
3, 7, 19
What are the prime factors of 514951?
419, 1229
What are the prime factors of 4072086?
2, 3, 73, 1033
List the prime factors of 2618360.
2, 5, 67, 977
List the prime factors of 27902724.
2, 3, 2325227
List the prime factors of 215592.
2, 3, 13, 691
List the prime factors of 2951004.
2, 3, 7, 19, 43
What are the prime factors of 5046567?
3, 41, 89, 461
List the prime factors of 169588.
2, 42397
List the prime factors of 1194354.
2, 3, 7, 9479
What are the prime factors of 99912?
2, 3, 23, 181
List the prime factors of 1852155.
3, 5, 79, 521
What are the prime factors of 39633416?
2, 23, 215399
List the prime factors of 10630.
2, 5, 1063
What are the prime factors of 470722?
2, 7, 33623
List the prime factors of 173680.
2, 5, 13, 167
What are the prime factors of 64845?
3, 5, 11, 131
List the prime factors of 447637.
447637
List the prime factors of 768072.
2, 3, 32003
What are the prime factors of 1468071?
3, 11, 4943
List the prime factors of 9985541.
29, 103, 3343
List the prime factors of 6971224.
2, 13, 17, 3943
List the prime factors of 6412724.
2, 107, 14983
List the prime factors of 5113347.
3, 1704449
What are the prime factors of 2404798?
2, 11, 281, 389
List the prime factors of 2119410.
2, 3, 5, 23549
List the prime factors of 611196.
2, 3, 31, 53
List the prime factors of 466314.
2, 3, 77719
List the prime factors of 338999.
338999
What are the prime factors of 298514?
2, 149257
What are the prime factors of 22348?
2, 37, 151
List the prime factors of 3444430.
2, 5, 11, 173, 181
What are the prime factors of 3991101?
3, 643, 2069
List the prime factors of 829867.
829867
List the prime factors of 1165894.
2, 17, 53, 647
List the prime factors of 2864819.
1049, 2731
List the prime factors of 29448.
2, 3, 409
List the prime factors of 370323.
3, 23, 1789
What are the prime factors of 3889154?
2, 1944577
What are the prime factors of 449059?
13, 34543
What are the prime factors of 812907?
3, 41, 2203
What are the prime factors of 871787?
7, 124541
List the prime factors of 205283.
13, 15791
List the prime factors of 16562826.
2, 3, 7, 43, 1019
List the prime factors of 8137662.
2, 3, 13, 17, 19
What are the prime factors of 3156311?
3156311
List the prime factors of 1221867.
3, 127, 1069
What are the prime factors of 4892077?
23, 227, 937
List the prime factors of 3126.
2, 3, 521
List the prime factors of 463362.
2, 3, 29, 2663
List the prime factors of 15629036.
2, 41, 157, 607
List the prime factors of 17245635.
3, 5, 11, 19, 5501
List the prime factors of 21636872.
2, 199, 13591
What are the prime factors of 317548?
2, 7, 11, 1031
List the prime factors of 1570918.
2, 785459
What are the prime factors of 871048?
2, 108881
What are the prime factors of 812720?
2, 5, 10159
What are the prime factors of 17639202?
2, 3, 7, 43, 9767
List the prime factors of 2835.
3, 5, 7
List the prime factors of 21012223.
1109, 18947
What are the prime factors of 7250313?
3, 7, 17, 23, 883
List the prime factors of 124493.
124493
List the prime factors of 390510.
2, 3, 5, 4339
List the prime factors of 953277.
3, 13, 24443
List the prime factors of 496593.
3, 23, 2399
What are the prime factors of 335611?
109, 3079
What are the prime factors of 1491866?
2, 745933
What are the prime factors of 32115?
3, 5, 2141
List the prime factors of 219346.
2, 109673
List the prime factors of 1079088.
2, 3, 22481
What are the prime factors of 23639259?
3, 7, 1125679
What are the prime factors of 24038742?
2, 3, 7, 13, 44027
List the prime factors of 8615919.
3, 13, 173, 1277
List the prime factors of 717301.
13, 23, 2399
List the prime factors of 192070.
2, 5, 19207
What are the prime factors of 145215?
3, 5, 7, 461
List the prime factors of 7257835.
5, 13, 111659
List the prime factors of 22549.
22549
What are the prime factors of 315933?
3, 53, 1987
List the prime factors of 5860716.
2, 3, 17, 28729
What are the prime factors of 163667?
7, 103, 227
What are the prime factors of 2696372?
2, 7, 13757
What are the prime factors of 223652?
2, 11, 13, 17, 23
List the prime factors of 64124.
2, 17, 23, 41
What are the prime factors of 355897?
479, 743
List the prime factors of 57258.
2, 3, 3181
List the prime factors of 1652317.
1652317
What are the prime factors of 2625800?
2, 5, 19, 691
What are the prime fact